7135?
1
What is the units digit of 45698?
8
What is the tens digit of 54438?
3
What is the hundreds digit of 1116?
1
What is the units digit of 474?
4
What is the thousands digit of 129312?
9
What is the hundreds digit of 8000?
0
What is the tens digit of 47030?
3
What is the ten thousands digit of 101128?
0
What is the tens digit of 134?
3
What is the tens digit of 28?
2
What is the ten thousands digit of 37491?
3
What is the tens digit of 1711?
1
What is the units digit of 508?
8
What is the hundreds digit of 4159?
1
What is the tens digit of 1524?
2
What is the thousands digit of 62613?
2
What is the tens digit of 117644?
4
What is the tens digit of 24557?
5
What is the units digit of 11787?
7
What is the hundreds digit of 9011?
0
What is the units digit of 547?
7
What is the tens digit of 5398?
9
What is the thousands digit of 25019?
5
What is the thousands digit of 2176?
2
What is the units digit of 718?
8
What is the hundreds digit of 49812?
8
What is the thousands digit of 3523?
3
What is the units digit of 18?
8
What is the units digit of 27230?
0
What is the tens digit of 32839?
3
What is the hundreds digit of 17738?
7
What is the units digit of 100809?
9
What is the thousands digit of 1266?
1
What is the tens digit of 5364?
6
What is the thousands digit of 2299?
2
What is the units digit of 18578?
8
What is the hundreds digit of 237?
2
What is the units digit of 1105?
5
What is the units digit of 3430?
0
What is the hundreds digit of 634?
6
What is the tens digit of 548?
4
What is the hundreds digit of 41715?
7
What is the tens digit of 919?
1
What is the hundreds digit of 318?
3
What is the units digit of 5562?
2
What is the thousands digit of 4137?
4
What is the hundreds digit of 923?
9
What is the tens digit of 419?
1
What is the hundreds digit of 10151?
1
What is the units digit of 542?
2
What is the hundreds digit of 13102?
1
What is the hundreds digit of 41356?
3
What is the units digit of 372?
2
What is the hundreds digit of 1035?
0
What is the units digit of 1954?
4
What is the thousands digit of 1704?
1
What is the tens digit of 85017?
1
What is the hundreds digit of 303?
3
What is the ten thousands digit of 73109?
7
What is the thousands digit of 42387?
2
What is the ten thousands digit of 24511?
2
What is the units digit of 41095?
5
What is the units digit of 8693?
3
What is the units digit of 1545?
5
What is the ten thousands digit of 11395?
1
What is the units digit of 9027?
7
What is the units digit of 25406?
6
What is the hundreds digit of 13749?
7
What is the thousands digit of 26844?
6
What is the tens digit of 22098?
9
What is the hundreds digit of 325?
3
What is the ten thousands digit of 62864?
6
What is the hundreds digit of 7947?
9
What is the tens digit of 6086?
8
What is the ten thousands digit of 25890?
2
What is the thousands digit of 1627?
1
What is the hundreds digit of 15995?
9
What is the units digit of 224?
4
What is the units digit of 27422?
2
What is the thousands digit of 4044?
4
What is the hundreds digit of 43572?
5
What is the hundreds digit of 31508?
5
What is the units digit of 7171?
1
What is the tens digit of 98236?
3
What is the thousands digit of 11315?
1
What is the tens digit of 517?
1
What is the ten thousands digit of 65737?
6
What is the ten thousands digit of 11838?
1
What is the hundreds digit of 9278?
2
What is the hundreds digit of 7223?
2
What is the thousands digit of 104993?
4
What is the units digit of 869?
9
What is the units digit of 153?
3
What is the units digit of 25?
5
What is the hundreds digit of 50329?
3
What is the hundreds digit of 695?
6
What is the tens digit of 1570?
7
What is the units digit of 54?
4
What is the tens digit of 997?
9
What is the units digit of 1841?
1
What is the hundreds digit of 6373?
3
What is the units digit of 8129?
9
What is the tens digit of 3149?
4
What is the hundreds digit of 26576?
5
What is the thousands digit of 8586?
8
What is the ten thousands digit of 28328?
2
What is the tens digit of 2503?
0
What is the hundreds digit of 17545?
5
What is the hundreds digit of 2491?
4
What is the thousands digit of 46935?
6
What is the tens digit of 28638?
3
What is the hundreds digit of 3035?
0
What is the units digit of 2712?
2
What is the units digit of 978?
8
What is the units digit of 981?
1
What is the hundreds digit of 4455?
4
What is the hundreds digit of 4199?
1
What is the tens digit of 6979?
7
What is the thousands digit of 1138?
1
What is the units digit of 24488?
8
What is the units digit of 1373?
3
What is the hundreds digit of 776?
7
What is the ten thousands digit of 44398?
4
What is the units digit of 6162?
2
What is the hundreds digit of 22332?
3
What is the units digit of 562?
2
What is the hundreds digit of 8226?
2
What is the hundreds digit of 717?
7
What is the hundred thousands digit of 115342?
1
What is the hundreds digit of 191?
1
What is the hundreds digit of 16881?
8
What is the units digit of 40517?
7
What is the units digit of 16627?
7
What is the thousands digit of 2171?
2
What is the tens digit of 4084?
8
What is the units digit of 295?
5
What is the hundreds digit of 2048?
0
What is the tens digit of 1118?
1
What is the tens digit of 70030?
3
What is the units digit of 869?
9
What is the ten thousands digit of 120680?
2
What is the ten thousands digit of 59656?
5
What is the ten thousands digit of 50734?
5
What is the thousands digit of 1093?
1
What is the hundreds digit of 2424?
4
What is the hundreds digit of 1483?
4
What is the tens digit of 9291?
9
What is the units digit of 12592?
2
What is the tens digit of 847?
4
What is the tens digit of 198?
9
What is the thousands digit of 13883?
3
What is the ten thousands digit of 43210?
4
What is the thousands digit of 4831?
4
What is the hundreds digit of 935?
9
What is the tens digit of 3661?
6
What is the units digit of 930?
0
What is the tens digit of 81717?
1
What is the thousands digit of 1356?
1
What is the thousands digit of 5350?
5
What is the units digit of 1388?
8
What is the ten thousands digit of 29373?
2
What is the units digit of 10883?
3
What is the ten thousands digit of 75708?
7
What is the tens digit of 192?
9
What is the tens digit of 7181?
8
What is the hundreds digit of 29930?
9
What is the units digit of 523?
3
What is the units digit of 12054?
4
What is the hundreds digit of 15417?
4
What is the hundreds digit of 55950?
9
What is the tens digit of 15981?
8
What is the tens digit of 3620?
2
What is the units digit of 241?
1
What is the tens digit of 1162?
6
What is the ten thousands digit of 10852?
1
What is the hundred thousands digit of 141978?
1
What is the thousands digit of 20957?
0
What is the hundreds digit of 102569?
5
What is the ten thousands digit of 33517?
3
What is the tens digit of 2365?
6
What is the hundreds digit of 3376?
3
What is the hundreds digit of 629?
6
What is the thousands digit of 5298?
5
What is the units digit of 32474?
4
What is the thousands digit of 1760?
1
What is the ten thousands digit of 34912?
3
What is the hundreds digit of 104239?
2
What is the thousands digit of 11121?
1
What is the tens digit of 3722?
2
What is the hundreds digit of 2188?
1
What is the thousands digit of 3834?
3
What is the tens digit of 3253?
5
What is the hundreds digit of 1858?
8
What is the units digit of 423?
3
What is the thousands digit of 61688?
1
What is the tens digit of 8151?
5
What is the units digit of 139220?
0
What is the thousands digit of 10069?
0
What is the units digit of 92241?
1
What is the hundreds digit of 55451?
4
What is the hundreds digit of 1655?
6
What is the hundreds digit of 1247?
2
What is the units digit of 2687?
7
What is the tens digit of 17215?
1
What is the tens digit of 3246?
4
What is the ten thousands digit of 40040?
4
What is the ten thousands digit of 21772?
2
What is the tens digit of 1082?
8
What is the thousands digit of 112381?
2
What is the units digit of 64777?
7
What is the units digit of 291?
1
What is the hundreds digit of 48483?
4
What is the units digit of 27190?
0
What is the units digit of 3978?
8
What is the units digit of 5006?
6
What is the units digit of 30937?
7
What is the units digit of 254?
4
What is the tens digit of 3973?
7
What is the ten thousands digit of 52130?
5
What i